) = -3*f - 15. Suppose 0 = -21*c + 38*c - 85. Let t(r) = c*q(r) + 3*o(r). What is t(4)?
-1
Let n(z) = 19*z**3 + 5*z**2 - 42*z. Let s(f) = -15*f**3 - 4*f**2 + 33*f + 1. Let r(j) = 4*n(j) + 5*s(j). Give r(2).
7
Let g(f) = -f**2 + 12*f - 15. Let k = -682 + 950. Let a = -258 + k. What is g(a)?
5
Let c = -7177 + 7180. Let v(a) be the first derivative of 1/3*a**3 - 10*a + 1 + c*a**2. What is v(-7)?
-3
Let i(a) = 13*a + 105. Let f(y) = -28*y - 231. Let p(b) = 4*f(b) + 9*i(b). What is p(-7)?
-14
Suppose 0 = 3*g - 2 - 1. Let r be (-1)/5*((-16)/2 + 8). Suppose 3*b = 5*a - 33, -a + g = 5*b - r. Let h(q) = -q - 7. Give h(a).
-13
Suppose -2*w = q - 15, -2*w + 3*q + q = 0. Let j(v) = -3*v**2 - 13*v + 36. Determine j(w).
-150
Let n(l) = -13*l**2 - 24*l - 28. Let y(m) = 18*m**2 + 31*m + 42. Let v(k) = -7*n(k) - 5*y(k). What is v(-13)?
-14
Suppose -s + 16 = -f, 58*f + 1 = s + 62*f. Let z(n) be the second derivative of 0 - 1/6*n**3 + s*n - 13/2*n**2. Determine z(0).
-13
Let h = -11 - -8. Let p(q) = -2*q - 108*q**2 - 3*q - 61*q**2 + 226*q**2 - 58*q**2 - 2. What is p(h)?
4
Let q = -6 + 13. Let b be 1/(3*1/(-15)). Let k(u) = -u + 12. Let m(h) = h - 11. Let p(a) = b*k(a) - 6*m(a). Calculate p(q).
-1
Let y(d) be the third derivative of -d**6/120 - d**5/10 + d**4/4 + 4*d**3/3 - 269*d**2. What is y(-6)?
-28
Let a be 1 - 80/12 - (442/(-51))/(-26). Let l(b) = -2*b**2 - 9*b + 23. What is l(a)?
5
Suppose 17*k = -115 + 47. Let g(u) = 2*u**2 + 9*u - 3. Give g(k).
-7
Let k(d) = 16*d - 187. Let l(m) = -46*m + 530. Let h(w) = 17*k(w) + 6*l(w). Let i be (-4)/3 + 6/(-9). Calculate h(i).
9
Let z(i) = i**3 - 22*i**2 + i - 12. Let m be z(22). Suppose -4*u + 2*s - m = -12, 5*u - 9 = -4*s. Let f(q) = 12*q**2 + q - 1. Determine f(u).
12
Let z = 9 + -3. Let n(g) = -47*g**3 - 37*g - 12. Let r(m) = 227*m**3 + m**2 + 179*m + 58. Let j(i) = -29*n(i) - 6*r(i). Calculate j(z).
-6
Let x be -3 - (-6 - (-13)/(-1)). Let f(c) = x*c - 2 + 8*c - 3*c**2 + 4*c**2 - 31*c. What is f(6)?
-8
Let t(o) = 3*o**2 + 20*o + 89. Let p(u) = u**2 + 11*u + 37. Let y(j) = 7*p(j) - 3*t(j). What is y(8)?
0
Let n(p) = p + 53. Suppose 7*k + 41*k - 117 = -2997. What is n(k)?
-7
Let s(a) = a**3 + 7*a**2 + 3*a - 7. Let c be (1 + -3)/(-9 - 50/(-6)). Suppose 3*h + 5*g = -48 + 7, 4*h - c*g + 16 = 0. What is s(h)?
-28
Let d = 11 - 8. Let c(b) be the third derivative of -15 + b**2 + 1/3*b**3 + 0*b + 1/8*b**4. Determine c(d).
11
Let d(l) = l**3 - 12*l**2 + 9*l + 12. Let q(g) = g**3 - 21*g**2 - 272*g + 5508. Let y be q(22). Determine d(y).
-172
Suppose -852 = -57*m + 117. Let s(c) = 3*c - 50. Give s(m).
1
Let a(r) = 14*r + 2. Suppose -8*p - 22 = 34. Let n(t) = 7*t + 1. Let k(u) = p*n(u) + 4*a(u). Determine k(1).
8
Let x(v) be the second derivative of 0*v**3 - 7/720*v**6 + 0*v**2 + 0 + 14*v + 1/120*v**5 - 4/3*v**4. Let w(f) be the third derivative of x(f). What is w(-2)?
15
Let p(o) = 2*o - 5. Let m(i) = -71 + 27 - 4*i + 20 + 27. Let z(a) = -2*m(a) - 3*p(a). Determine z(-5).
-1
Let s(q) be the first derivative of q**3/3 + 6*q**2 + 31*q - 2839. What is s(-10)?
11
Let m be 15/90 + 286/12. Suppose 4*j - m + 8 = 0. Let d be 3/12*j - 9. Let w(k) = -k**2 - 7*k + 9. What is w(d)?
1
Let l(w) = w - 1. Let j(f) = 6*f - 5. Let r(q) = -j(q) + 2*l(q). Let c be (-7)/(-2)*(-256)/(-112). Suppose 0 = 188*i - 192*i + c. Determine r(i).
-5
Let y be (-3 - -7)/((-2)/6). Let p be (-6 + -2)*(45/y)/(-5). Let g(x) = -x**2 - 6*x - 6. Calculate g(p).
-6
Let x(q) = q**2 + q - 1. Let t be x(1). Let f(w) = 3032*w + 2952*w - 6007*w. Determine f(t).
-23
Let i(w) be the third derivative of 5*w**2 + 0 - 19/6*w**3 + 0*w - 1/24*w**4. Suppose 87*c - 29*c = 0. What is i(c)?
-19
Let c(d) = d**2 + 45*d - 21*d + 2 - 22*d. Suppose 12*h + 6 = 9*h. Let v be c(h). Let w(k) = -k**3 + 3*k**2 + 1. Calculate w(v).
5
Suppose 0 = -0*j + 2*j - 234. Let h = -117 + j. Let a(k) = k**3 + 3*k**3 - 5*k**3 - 4 + 0*k**3. Calculate a(h).
-4
Let m(r) = 4*r**2 - 7*r. Let l = -3418 + 3415. Determine m(l).
57
Let j be (4/(-3))/((-3)/18*-2). Suppose 0*f + 13 = f + 4*g, 2*f = 5*g + 26. Let v(o) = 2*o**2 + 2 - 16*o**2 + f*o**2. Give v(j).
-14
Suppose x + 2 = -1, 10 = 5*o + 5*x. Let p(j) = -235 + o*j**2 + 236 - 31*j**2. Calculate p(-1).
-25
Suppose h = 3 + 2. Let b(m) = -28*m + 70. Let j(i) = -i + 4. Let s(g) = -b(g) + 21*j(g). Let c(r) = -3*r - 7. Let d(l) = 9*c(l) + 4*s(l). Give d(h).
-2
Suppose 4*x = v - 25, -x - 4*v = -5*x - 28. Let f(t) = 7 - 21 - 7*t + 5 + 5*t**2 + 1 + t**3. Calculate f(x).
-2
Let h(v) = v - 16. Suppose 16*u - 4925 = -4813. Give h(u).
-9
Let r = 33 - 32. Let c(v) = 8*v**2 + 40*v + 3. Let t(x) = 17*x**2 + 93*x + 7. Let b(m) = -7*c(m) + 3*t(m). What is b(r)?
-6
Suppose 3 + 1 = 2*l. Let d = -151 - -160. Let r(k) = -18*k**3 + l*k + 7*k - 8*k**2 + 17*k**3 - d. Give r(-9).
-9
Let n(v) = -v**3 + 16*v**2 + 3*v - 39. Let d be n(16). Suppose 0 = -3*c + a - d, c - 19 + 35 = -4*a. Let r(w) = -w**3 - 4*w**2 - w - 1. Give r(c).
3
Let w(a) = -2*a - 23. Let f(x) = 3*x + 87. Let u(n) = -2*f(n) - 9*w(n). Give u(-8).
-63
Let u(p) = 14*p - 25. Suppose -3*w - l - 18 = 0, -4*w - 402*l = -407*l + 62. Give u(w).
-137
Let w(h) = -1 - 10*h**2 - h**3 - 2*h + 8*h + 5*h. Suppose -5*r - 4*d - 79 = 0, -2486*r + 5 = -2487*r + d. Give w(r).
-1
Let m be 329/49 - 2/(-7). Let u(d) = 23*d**2 - 44*d - 1. Let p be u(2). Suppose 0 = p*z + 3*v - 3, m*v = 2*v. Let t(o) = 7*o + 1. Calculate t(z).
8
Let x(p) = p + 8. Let u be ((-114)/9)/((-2)/9). Let z be 0 + 6 - -1 - (55 - u). Calculate x(z).
17
Suppose 6 = 46*l - 40*l. Let m(n) = -4*n - 5. Let x(w) = 2. Let k(u) = l*m(u) + 2*x(u). Let j = 3 + -2. Calculate k(j).
-5
Let j(t) = 30*t + 312. Let l(h) = -h**3 + 10*h**2 - 24*h + 54. Let q be l(8). Calculate j(q).
12
Let i(y) = -4*y - y + 1 + 2. Let w be 18 + (-2)/(-6)*-3. Let q(u) = 2*u**2 - 38*u + 71. Let b be q(w). Calculate i(b).
-12
Let f(g) = -3*g + 21. Let r(j) = j**2 + j - 33. Let c be r(6). Let x be f(c). Let b(z) = z**3 + 8*z**2 + 9*z - 8. Give b(x).
10
Let j(b) = b**3 + b**2 + 2*b + 1. Suppose 11*z + 5*z + 8*z = 0. Suppose z = -25*v - 38*v - 189. Calculate j(v).
-23
Let n(f) = -10*f**3 + 20*f**2 - 10*f + 72. Let s(q) = 7*q**3 - 13*q**2 + 5*q - 49. Let w(y) = 5*n(y) + 7*s(y). Determine w(7).
10
Let n(x) = x**2 + 25*x + 27. Suppose -3*c - 25 = 3*z + 23, 4*z + 89 = c. Give n(z).
-57
Suppose 43*h - 35*h = 104. Let t(r) = 8*r + 9 + r**2 - h - 8. Determine t(-10).
8
Let j(k) = k**3 + 20*k**2 + 20*k + 22. Let i = 15923 + -15942. Determine j(i).
3
Let p be ((1 + -1)/(3 - 4))/(-2). Let c be (-40)/(-7) - (p + 4/(-14)). Let w be (36/(-24))/(1/c). Let k(l) = 2*l + 7. Determine k(w).
-11
Let n(r) be the first derivative of -r**4/4 + 10*r**3/3 + 2*r**2 + 5*r + 698. Determine n(11).
-72
Let f(p) = 4*p + 0*p + 105 - 100. Let s(o) = 3*o + 8. Let b(y) = 6*f(y) - 4*s(y). Let t(a) = -a - 5. Let u be t(-7). What is b(u)?
22
Let m(f) = -7*f**3 + 2*f**2 - 1. Let c = -4996 + 4997. Calculate m(c).
-6
Let x(a) = 7*a - 8. Let z be x(9). Let d = -53 + z. Let f be ((3 + -1 + 0)*4)/d. Let i(o) = o + 1. Give i(f).
5
Let l(m) = 36*m + 3. Let a be l(-1). Let p = a - -36. Let u(b) = -2*b - 5*b + 2 - 6*b**2 + 2*b - b**p. Give u(-5).
2
Let h(j) = j**2 + 3*j. Let u(s) = -49 + 16*s - 5 - 3*s. Let q be u(5). Suppose -7 - q = 6*b. Give h(b).
0
Suppose -2*l - 5*r = -5, 2*r + 0*r - 6 = 0. Let n(s) = -1. Let z(x) = x**3 - 7*x + 5. Let b be z(-3). Let v(u) = -u - 11. Let i(o) = b*v(o) + l*n(o). Give i(0).
16
Suppose -4*h + h = 0. Let y(u) = 31*u**3 + 96*u**2 - 16. Let z(g) = 6*g**3 + 19*g**2 + 1. Let s(r) = y(r) - 5*z(r). What is s(h)?
-21
Let i(t) = t**3 - 24*t**2 - 25*t - 24. Let k be i(25). Let q be (-2)/(-3) - k/18. Let m(x) = -15 + 25 - x**q - 16. Calculate m(0).
-6
Let o(r) = 4*r - 104. Let c be o(19). Let b be -4*1 - (-21)/c*-12. Let a(p) = -p + 8. What is a(b)?
3
Let u(w) = 148*w + 168*w + 162*w + 6 - 486*w. Suppose 0 = -4*l - t + 21, 2*t + 5 = 2*l - 3. Calculate u(l).
-34
Let d(y) be the third derivative of y**5/60 - 19*y**4/24 - 5*y**3/2 - 86*y**2 - 2. Calculate d(18).
-33
Let r(p) be the first derivative of -p**7/840 - p**6/180 - p**5/60 - p**3/3 - 12*p - 121. Let u(a) be the third derivative of r(a). Give u(-3).
15
Let l(p) be the first derivative of -p**4/12 - 4*p**3/3 - 4*p**2 - 29*p - 101. Let r(u) be the first derivative of l(u). Dete